{"id":31290,"date":"2018-06-21T15:41:20","date_gmt":"2018-06-21T14:41:20","guid":{"rendered":"http:\/\/www.gbpsulmierzyce.pl\/?page_id=31290"},"modified":"2026-01-09T18:53:34","modified_gmt":"2026-01-09T17:53:34","slug":"obowiazek-informacyjny","status":"publish","type":"page","link":"https:\/\/www.gbpsulmierzyce.pl\/?page_id=31290","title":{"rendered":"Obowi\u0105zek informacyjny"},"content":{"rendered":"<p><strong>\u00a0<\/strong><strong>Klauzula informacyjna o przetwarzaniu danych osobowych\u00a0 <\/strong><\/p>\n<p>Zgodnie z art. 13 ROZPORZ\u0104DZENIA PARLAMENTU EUROPEJSKIEGO I RADY (UE) 2016\/679 z\u00a0dnia 27 kwietnia 2016 r. w sprawie ochrony os\u00f3b fizycznych w zwi\u0105zku z przetwarzaniem danych osobowych i\u00a0w sprawie swobodnego przep\u0142ywu takich danych (RODO)<\/p>\n<p>informujemy, \u017ce:<\/p>\n<table>\n<tbody>\n<tr>\n<td width=\"176\"><strong>Administrator, dane kontaktowe<\/strong><\/td>\n<td width=\"579\">Gminna Biblioteka Publiczna w Sulmierzycach, reprezentowana przez Kierownik Biblioteki z siedzib\u0105 ul. S\u0142oneczna 5<br \/>\n98-338 Sulmierzyce, kontakt:1)\u00a0\u00a0\u00a0\u00a0 osobi\u015bcie lub na adres poczty elektronicznej: <a href=\"mailto:biblioteka@gbpsulmierzyce.pl\"><strong>biblioteka@gbpsulmierzyce.pl<\/strong><\/a><\/p>\n<p>2)\u00a0\u00a0\u00a0\u00a0 telefonicznie: 44\u00a07379215<\/p>\n<p>3)\u00a0\u00a0\u00a0\u00a0 pisemnie na adres: 98-338 Sulmierzyce, ul. S\u0142oneczna 5<\/td>\n<\/tr>\n<tr>\n<td width=\"176\"><strong>Inspektor Ochrony Danych<\/strong><\/td>\n<td width=\"579\">W Gminnej Bibliotece w Sulmierzycach zosta\u0142 wyznaczony Inspektor Ochrony Danych, z kt\u00f3rym mo\u017cna si\u0119 skontaktowa\u0107 za pomoc\u0105 poczty elektronicznej: <a href=\"mailto:artur.wojtaszczyk@elitpartner.pl\"><u>artur.wojtaszczyk@elitpartner.pl<\/u><\/a><\/td>\n<\/tr>\n<tr>\n<td width=\"176\"><strong>Cele przetwarzania, czas przechowywania poszczeg\u00f3lnych kategorii danych, podanie danych<\/strong><\/td>\n<td width=\"579\">Dane b\u0119d\u0105 przetwarzane przez Bibliotek\u0119 w celu:<\/p>\n<p>1)\u00a0\u00a0\u00a0\u00a0 <strong>wype\u0142nienia obowi\u0105zk\u00f3w prawnych<\/strong> <strong>&#8211; <\/strong>w szczeg\u00f3lno\u015bci zada\u0144 wynikaj\u0105cych z:<\/p>\n<p>a.\u00a0\u00a0\u00a0\u00a0\u00a0 art. 6 lit. a i c rozporz\u0105dzenia Parlamentu Europejskiego i Rady (UE) 2016\/679 z dnia 27 kwietnia 2016 r. w sprawie ochrony os\u00f3b fizycznych w zwi\u0105zku z przetwarzaniem danych osobowych i w sprawie swobodnego przep\u0142ywu takich danych oraz uchylenia dyrektywy 95\/46\/WE<\/p>\n<p>b.\u00a0\u00a0\u00a0\u00a0 art. 6 ust. 1 lit. b RODO; w celu realizacji um\u00f3w zawartych z kontrahentami<\/p>\n<p>c.\u00a0\u00a0\u00a0\u00a0\u00a0 ustawy o bibliotekach z dnia 27 czerwca 1997 r.<\/p>\n<p>d.\u00a0\u00a0\u00a0\u00a0 ustawy o organizowaniu i prowadzeniu dzia\u0142alno\u015bci kulturalnej z dnia 25 pa\u017adziernika 1991 r.<\/p>\n<p>e.\u00a0\u00a0\u00a0\u00a0\u00a0 ustawa o statystyce publicznej z dnia 29 czerwca 1995 r.<\/p>\n<p>Dane osobowe b\u0119d\u0105 przetwarzane przez okres niezb\u0119dny do realizacji cel\u00f3w przetwarzania, w tym r\u00f3wnie\u017c obowi\u0105zku archiwizacyjnego wynikaj\u0105cego z przepis\u00f3w prawa. Podanie danych jest warunkiem uczestnictwa w formach dzia\u0142alno\u015bci Biblioteki Publicznej.<\/td>\n<\/tr>\n<tr>\n<td width=\"176\"><strong>Odbiorcy danych<\/strong><\/td>\n<td width=\"579\">Dane osobowe b\u0119d\u0105 ujawnione nast\u0119puj\u0105cym odbiorcom:<\/p>\n<p>a)\u00a0\u00a0\u00a0\u00a0\u00a0 podmiotom upowa\u017cnionym do odbioru danych osobowych na podstawie odpowiednich przepis\u00f3w prawa;<\/p>\n<p>b)\u00a0\u00a0\u00a0\u00a0\u00a0 podmiotom, kt\u00f3re przetwarzaj\u0105 dane osobowe w imieniu Administratora, na podstawie zawartej umowy powierzenia przetwarzania danych osobowych (tzw. podmioty przetwarzaj\u0105ce).<\/p>\n<p>c)\u00a0\u00a0\u00a0\u00a0\u00a0 Dane osobowe b\u0119d\u0105 ujawniane innym odbiorcom w zwi\u0105zku z umieszczeniem zdj\u0119\u0107 w sieci Internet w szczeg\u00f3lno\u015bci dla Facebook Ireland Ltd.<\/td>\n<\/tr>\n<tr>\n<td width=\"176\"><strong>Prawa osoby, kt\u00f3rej dane\u00a0 dotycz\u0105<\/strong><\/td>\n<td width=\"579\">Osoby, kt\u00f3rych dane osobowe przetwarza Biblioteka maj\u0105 prawo do:<\/p>\n<p>1)\u00a0\u00a0\u00a0\u00a0 <strong>dost\u0119pu<\/strong> do swoich danych osobowych<\/p>\n<p>2)\u00a0\u00a0\u00a0\u00a0 <strong>\u017c\u0105dania sprostowania danych<\/strong>, kt\u00f3re s\u0105 nieprawid\u0142owe<\/p>\n<p>3)\u00a0\u00a0\u00a0\u00a0 <strong>\u017c\u0105dania usuni\u0119cia danych<\/strong>, gdy dane nie s\u0105 niezb\u0119dne do cel\u00f3w, dla kt\u00f3rych zosta\u0142y zebrane lub po wniesieniu sprzeciwu wobec przetwarzania danych, gdy dane s\u0105 przetwarzane niezgodnie z prawem.<\/p>\n<p>4)\u00a0\u00a0\u00a0\u00a0 <strong>\u017c\u0105dania ograniczenia przetwarzania danych <\/strong>gdy osoby te kwestionuj\u0105 prawid\u0142owo\u015b\u0107 danych, przetwarzanie jest niezgodne z prawem, a osoby te sprzeciwiaj\u0105 si\u0119 usuni\u0119ciu danych, Biblioteka nie potrzebuje ju\u017c danych osobowych do cel\u00f3w przetwarzana, ale s\u0105 one potrzebne osobom, kt\u00f3rych dane dotycz\u0105 do ustalenia, dochodzenia lub obrony roszcze\u0144, lub gdy osoby te wnios\u0142y sprzeciw wobec przetwarzania danych \u2013 do czasu stwierdzenia nadrz\u0119dnych interes\u00f3w administratora nad podstaw\u0105 takiego sprzeciwu;<\/p>\n<p>5)\u00a0\u00a0\u00a0\u00a0 <strong>cofni\u0119cia zgody w dowolnym momencie<\/strong> bez wp\u0142ywu na zgodno\u015b\u0107 z prawem przetwarzania, kt\u00f3rego dokonano na podstawie zgody przed jej cofni\u0119ciem;<\/p>\n<p>6)\u00a0\u00a0\u00a0\u00a0 <strong>wniesienia sprzeciwu wobec przetwarzania danych<\/strong> \u2013 z przyczyn zwi\u0105zanych ze szczeg\u00f3ln\u0105 sytuacj\u0105 os\u00f3b, kt\u00f3rych dane s\u0105 przetwarzane;<\/p>\n<p>7)\u00a0\u00a0\u00a0\u00a0 <strong>wniesienia skargi <\/strong>do Prezesa Urz\u0119du Ochrony Danych Osobowych.<\/td>\n<\/tr>\n<tr>\n<td width=\"176\"><strong>Przekazywanie danych do pa\u0144stw trzecich<\/strong><\/td>\n<td width=\"579\">Dane b\u0119d\u0105 przekazywane do Facebook Ireland Ltd., kt\u00f3rego mi\u0119dzynarodowy charakter powoduje potencjalnie mo\u017cliwy transfer danych poza EOG. Podstaw\u0105 takiego transferu s\u0105 stosowane przez standardowe klauzule umowne zatwierdzone przez Komisj\u0119 Europejsk\u0105.<\/td>\n<\/tr>\n<\/tbody>\n<\/table>\n<p><strong>\u00a0<\/strong><\/p>\n","protected":false},"excerpt":{"rendered":"<p>\u00a0Klauzula informacyjna o przetwarzaniu danych osobowych\u00a0 Zgodnie z art. 13 ROZPORZ\u0104DZENIA PARLAMENTU EUROPEJSKIEGO I RADY (UE) 2016\/679 z\u00a0dnia 27 kwietnia&#8230; <a href=\"https:\/\/www.gbpsulmierzyce.pl\/?page_id=31290\">Czytaj dalej &raquo;<\/a><\/p>\n","protected":false},"author":1,"featured_media":0,"parent":116,"menu_order":4,"comment_status":"closed","ping_status":"closed","template":"","meta":{"footnotes":""},"class_list":["post-31290","page","type-page","status-publish","hentry"],"_links":{"self":[{"href":"https:\/\/www.gbpsulmierzyce.pl\/index.php?rest_route=\/wp\/v2\/pages\/31290","targetHints":{"allow":["GET"]}}],"collection":[{"href":"https:\/\/www.gbpsulmierzyce.pl\/index.php?rest_route=\/wp\/v2\/pages"}],"about":[{"href":"https:\/\/www.gbpsulmierzyce.pl\/index.php?rest_route=\/wp\/v2\/types\/page"}],"author":[{"embeddable":true,"href":"https:\/\/www.gbpsulmierzyce.pl\/index.php?rest_route=\/wp\/v2\/users\/1"}],"replies":[{"embeddable":true,"href":"https:\/\/www.gbpsulmierzyce.pl\/index.php?rest_route=%2Fwp%2Fv2%2Fcomments&post=31290"}],"version-history":[{"count":6,"href":"https:\/\/www.gbpsulmierzyce.pl\/index.php?rest_route=\/wp\/v2\/pages\/31290\/revisions"}],"predecessor-version":[{"id":69758,"href":"https:\/\/www.gbpsulmierzyce.pl\/index.php?rest_route=\/wp\/v2\/pages\/31290\/revisions\/69758"}],"up":[{"embeddable":true,"href":"https:\/\/www.gbpsulmierzyce.pl\/index.php?rest_route=\/wp\/v2\/pages\/116"}],"wp:attachment":[{"href":"https:\/\/www.gbpsulmierzyce.pl\/index.php?rest_route=%2Fwp%2Fv2%2Fmedia&parent=31290"}],"curies":[{"name":"wp","href":"https:\/\/api.w.org\/{rel}","templated":true}]}}