{"id":133,"date":"2012-11-16T11:01:43","date_gmt":"2012-11-16T10:01:43","guid":{"rendered":"http:\/\/www.biblioteka.sulmierzyce.eu\/?page_id=133"},"modified":"2012-11-16T11:02:58","modified_gmt":"2012-11-16T10:02:58","slug":"regulamin-organizacyjny","status":"publish","type":"page","link":"https:\/\/www.gbpsulmierzyce.pl\/?page_id=133","title":{"rendered":"Regulamin organizacyjny"},"content":{"rendered":"<p style=\"text-align: center;\"><strong>REGULAMIN ORGANIZACYJNY<\/strong><\/p>\n<p style=\"text-align: center;\"><strong>GMINNEJ BIBLIOTEKI PUBLICZNEJ W SULMIERZYCACH<\/strong><\/p>\n<p>&nbsp;<\/p>\n<p><strong>I. Postanowienia og\u00f3lne\u00a0\u00a0\u00a0\u00a0\u00a0\u00a0\u00a0\u00a0\u00a0\u00a0\u00a0\u00a0\u00a0\u00a0\u00a0\u00a0\u00a0\u00a0\u00a0\u00a0\u00a0\u00a0\u00a0\u00a0\u00a0\u00a0\u00a0\u00a0\u00a0\u00a0\u00a0\u00a0\u00a0\u00a0\u00a0\u00a0\u00a0\u00a0\u00a0\u00a0\u00a0\u00a0\u00a0\u00a0\u00a0\u00a0\u00a0\u00a0\u00a0\u00a0\u00a0\u00a0\u00a0\u00a0\u00a0\u00a0\u00a0\u00a0\u00a0\u00a0\u00a0\u00a0\u00a0\u00a0\u00a0\u00a0\u00a0\u00a0\u00a0\u00a0\u00a0\u00a0\u00a0\u00a0\u00a0\u00a0\u00a0\u00a0\u00a0\u00a0\u00a0\u00a0\u00a0\u00a0\u00a0\u00a0\u00a0\u00a0\u00a0\u00a0\u00a0\u00a0\u00a0\u00a0 \u00a0\u00a0\u00a0\u00a0\u00a0\u00a0\u00a0\u00a0\u00a0\u00a0\u00a0\u00a0\u00a0\u00a0\u00a0\u00a0<\/strong><\/p>\n<p>\u00a7 1.<\/p>\n<p>Regulamin organizacyjny Biblioteki Publicznej w Sulmierzycach okre\u015bla:<\/p>\n<p>1. Struktur\u0119 wewn\u0119trzn\u0105 biblioteki.<\/p>\n<p>2. Zasady organizacji, porz\u0105dku pracy biblioteki.<\/p>\n<p>3. Cele i zadania\u00a0 biblioteki.<\/p>\n<p>4. Zakresy czynno\u015bci na stanowiskach pracy.<\/p>\n<p>5. Postanowienia ko\u0144cowe.<\/p>\n<p>&nbsp;<\/p>\n<p><strong>II. Struktura wewn\u0119trzna<\/strong><\/p>\n<p>\u00a7 2.<\/p>\n<p>1. Gminna Biblioteka Publiczna w Sulmierzycach dzia\u0142a na bazie budynku przy ulicy Stra\u017cackiej 2.<\/p>\n<p>\u00a7 3<\/p>\n<p>1.Biblioteka czynna jest od poniedzia\u0142ku do pi\u0105tku:<\/p>\n<p>&#8211; poniedzia\u0142ek, \u015broda, czwartek &#8211; 8:00 \u2013 17:00<\/p>\n<p>&#8211; wtorek, pi\u0105tek\u00a0\u00a0\u00a0\u00a0\u00a0\u00a0\u00a0\u00a0\u00a0\u00a0\u00a0\u00a0\u00a0\u00a0\u00a0\u00a0\u00a0\u00a0\u00a0\u00a0\u00a0\u00a0\u00a0\u00a0\u00a0 &#8211; 8:00 \u2013 18:00<\/p>\n<p>\u00a7 4.<\/p>\n<p>1.Struktur\u0119 wewn\u0119trzn\u0105 biblioteki tworz\u0105:<\/p>\n<p>&#8211; Wypo\u017cyczalnia z czytelni\u0105,<\/p>\n<p>&#8211; Czytelnia internetowa.<\/p>\n<p>&nbsp;<\/p>\n<p><strong>III.\u00a0\u00a0\u00a0\u00a0\u00a0 Zasady organizacji<\/strong><\/p>\n<p>\u00a7 5.<\/p>\n<p>1.Bibliotek\u0105 kieruje kierownik, kt\u00f3ry planuje, koordynuje i nadzoruje dzia\u0142alno\u015b\u0107 biblioteki.<\/p>\n<p>\u00a7 6.<\/p>\n<p>1. Obs\u0142ug\u0119 finansow\u0105 i kadrow\u0105 prowadzi g\u0142\u00f3wny ksi\u0119gowy biblioteki.<\/p>\n<p>\u00a7 7.<\/p>\n<p>1.W sk\u0142ad biblioteki wchodz\u0105 nast\u0119puj\u0105ce stanowiska pracy:<\/p>\n<p>&#8211; kierownik biblioteki,<\/p>\n<p>&#8211; m\u0142odszy bibliotekarz,<\/p>\n<p>&#8211; g\u0142\u00f3wny ksi\u0119gowy,<\/p>\n<p>&#8211; pracownik gospodarczy- rzemie\u015blnik.<\/p>\n<p>&#8211; sprz\u0105taczka.<\/p>\n<p>&nbsp;<\/p>\n<p><strong>IV. Cele i zadania biblioteki.<\/strong><\/p>\n<p>\u00a7 8.<\/p>\n<p>1.Biblioteka zapewnia mieszka\u0144com gminy dost\u0119p do materia\u0142\u00f3w bibliotecznych oraz s\u0142u\u017cy rozwijaniu i zaspokajaniu potrzeb o\u015bwiatowych\u00a0 i kulturalnych.<\/p>\n<p>\u00a7 9<\/p>\n<p>1.Podstawowe zadania biblioteki:<\/p>\n<p>&#8211; Gromadzenie i opracowywanie zbior\u00f3w bibliotecznych.<\/p>\n<p>&#8211; Prowadzenie dziennika biblioteki, rejestru\u00a0 czytelnik\u00f3w i kwerend , zeszytu czytelni, rocznych plan\u00f3w oraz sprawozda\u0144 opisowych\u00a0\u00a0\u00a0 i statystycznych.<\/p>\n<p>&#8211; Inicjowanie i prowadzenie pracy z czytelnikami.<\/p>\n<p>&#8211; Prowadzenie dzia\u0142alno\u015bci informacyjnej, bibliograficznej i rzeczowej.<\/p>\n<p>&#8211; Udost\u0119pnianie zbior\u00f3w bibliotecznych w wypo\u017cyczalni i czytelni.<\/p>\n<p>&#8211; Wsp\u00f3\u0142dzia\u0142anie z innymi bibliotekami, instytucjami, organizacjami w zakresie rozwijania czytelnictwa i zaspakajania potrzeb o\u015bwiatowych i kulturalnych spo\u0142eczno\u015bci lokalnej.<\/p>\n<p>&#8211; Doskonalenie form i metod pracy bibliotecznej.<\/p>\n<p>&nbsp;<\/p>\n<p><strong>\u00a0V.\u00a0 \u00a0Zakres czynno\u015bci pracownik\u00f3w<\/strong><\/p>\n<p>\u00a710<\/p>\n<p>1.Szczeg\u00f3\u0142owy zakres czynno\u015bci kierownika biblioteki ustala W\u00f3jt Gminy Sulmierzyce.<\/p>\n<p>2. Zakres czynno\u015bci dla pracownik\u00f3w GBP w Sulmierzycach opracowuje i zatwierdza kierownik.<\/p>\n<p>3.Zakresy czynno\u015bci sporz\u0105dza si\u0119 i wr\u0119cza r\u00f3wnocze\u015bnie z anga\u017cem na dane stanowisko. Jeden egzemplarz zakresu czynno\u015bci, podpisany przez pracownika przechowywany jest w jego aktach osobowych.<\/p>\n<p>4.Niezale\u017cnie od zakresu obowi\u0105zk\u00f3w i czynno\u015bci zawartych w niniejszym Regulaminie wszyscy pracownicy Biblioteki wykonuj\u0105 obowi\u0105zki wynikaj\u0105ce z przepis\u00f3w prawnych i wewn\u0119trzne prace zlecone przez Kierownika.<\/p>\n<p>&nbsp;<\/p>\n<p><strong>VI. Postanowienia ko\u0144cowe<\/strong><\/p>\n<p>\u00a7 11<\/p>\n<p>1. W sprawach nie uregulowanych Regulaminem Organizacyjnym obowi\u0105zuj\u0105 przepisy prawa pracy, statutu Biblioteki oraz zarz\u0105dze\u0144 wewn\u0119trznych.<\/p>\n<p>2. Regulamin Organizacyjny podlega zaopiniowaniu przez W\u00f3jta Gminy Sulmierzyce<\/p>\n<p>3. Regulamin wchodzi w \u017cycie po up\u0142ywie dw\u00f3ch tygodni od daty zapoznania si\u0119 z jego tre\u015bci\u0105 przez\u00a0 pracownik\u00f3w Biblioteki.<\/p>\n<p>4. Zmiany w Regulaminie Organizacyjnym mog\u0105 by\u0107 dokonane w trybie okre\u015blonym dla jego ustalenia.<\/p>\n<p>&nbsp;<\/p>\n","protected":false},"excerpt":{"rendered":"<p>REGULAMIN ORGANIZACYJNY GMINNEJ BIBLIOTEKI PUBLICZNEJ W SULMIERZYCACH &nbsp; I. Postanowienia og\u00f3lne\u00a0\u00a0\u00a0\u00a0\u00a0\u00a0\u00a0\u00a0\u00a0\u00a0\u00a0\u00a0\u00a0\u00a0\u00a0\u00a0\u00a0\u00a0\u00a0\u00a0\u00a0\u00a0\u00a0\u00a0\u00a0\u00a0\u00a0\u00a0\u00a0\u00a0\u00a0\u00a0\u00a0\u00a0\u00a0\u00a0\u00a0\u00a0\u00a0\u00a0\u00a0\u00a0\u00a0\u00a0\u00a0\u00a0\u00a0\u00a0\u00a0\u00a0\u00a0\u00a0\u00a0\u00a0\u00a0\u00a0\u00a0\u00a0\u00a0\u00a0\u00a0\u00a0\u00a0\u00a0\u00a0\u00a0\u00a0\u00a0\u00a0\u00a0\u00a0\u00a0\u00a0\u00a0\u00a0\u00a0\u00a0\u00a0\u00a0\u00a0\u00a0\u00a0\u00a0\u00a0\u00a0\u00a0\u00a0\u00a0\u00a0\u00a0\u00a0\u00a0\u00a0\u00a0 \u00a0\u00a0\u00a0\u00a0\u00a0\u00a0\u00a0\u00a0\u00a0\u00a0\u00a0\u00a0\u00a0\u00a0\u00a0\u00a0 \u00a7 1. Regulamin organizacyjny Biblioteki Publicznej w Sulmierzycach&#8230; <a href=\"https:\/\/www.gbpsulmierzyce.pl\/?page_id=133\">Czytaj dalej &raquo;<\/a><\/p>\n","protected":false},"author":1,"featured_media":0,"parent":116,"menu_order":0,"comment_status":"closed","ping_status":"closed","template":"","meta":{"footnotes":""},"class_list":["post-133","page","type-page","status-publish","hentry"],"_links":{"self":[{"href":"https:\/\/www.gbpsulmierzyce.pl\/index.php?rest_route=\/wp\/v2\/pages\/133","targetHints":{"allow":["GET"]}}],"collection":[{"href":"https:\/\/www.gbpsulmierzyce.pl\/index.php?rest_route=\/wp\/v2\/pages"}],"about":[{"href":"https:\/\/www.gbpsulmierzyce.pl\/index.php?rest_route=\/wp\/v2\/types\/page"}],"author":[{"embeddable":true,"href":"https:\/\/www.gbpsulmierzyce.pl\/index.php?rest_route=\/wp\/v2\/users\/1"}],"replies":[{"embeddable":true,"href":"https:\/\/www.gbpsulmierzyce.pl\/index.php?rest_route=%2Fwp%2Fv2%2Fcomments&post=133"}],"version-history":[{"count":3,"href":"https:\/\/www.gbpsulmierzyce.pl\/index.php?rest_route=\/wp\/v2\/pages\/133\/revisions"}],"predecessor-version":[{"id":135,"href":"https:\/\/www.gbpsulmierzyce.pl\/index.php?rest_route=\/wp\/v2\/pages\/133\/revisions\/135"}],"up":[{"embeddable":true,"href":"https:\/\/www.gbpsulmierzyce.pl\/index.php?rest_route=\/wp\/v2\/pages\/116"}],"wp:attachment":[{"href":"https:\/\/www.gbpsulmierzyce.pl\/index.php?rest_route=%2Fwp%2Fv2%2Fmedia&parent=133"}],"curies":[{"name":"wp","href":"https:\/\/api.w.org\/{rel}","templated":true}]}}