{"id":116,"date":"2012-11-16T09:04:48","date_gmt":"2012-11-16T08:04:48","guid":{"rendered":"http:\/\/www.biblioteka.sulmierzyce.eu\/?page_id=116"},"modified":"2012-11-16T09:08:21","modified_gmt":"2012-11-16T08:08:21","slug":"dokumenty","status":"publish","type":"page","link":"https:\/\/www.gbpsulmierzyce.pl\/?page_id=116","title":{"rendered":"Dokumenty"},"content":{"rendered":"<p style=\"text-align: justify;\"><strong>Gminna Biblioteka Publiczna w Sulmierzycach dzia\u0142a na podstawie<\/strong> Statutu uchwalonego Uchwa\u0142\u0105 Rady Gminy w Sulmierzycach Nr XXI\/110\/2005 z dnia 31 stycznia 2005 r. w sprawie nadania Statutu Gminnej Bibliotece Publicznej w Sulmierzycach, zmienionego Uchwa\u0142\u0105 Rady Gminy w Sulmierzycach Nr XIII\/81\/2011 z dnia 27 pa\u017adziernika 2011 r.<\/p>\n<p style=\"text-align: justify;\"><strong>Poni\u017cej publikujemy tekst jednolity tej uchwa\u0142y.<\/strong><\/p>\n<p style=\"text-align: justify;\">Ponadto, Biblioteka dzia\u0142a w oparciu m. in. o regulamin organizacyjny oraz regulaminy wypo\u017cyczalni oraz czytelni internetowej.<\/p>\n<p style=\"text-align: center;\"><strong>STATUT GMINNEJ BIBLIOTEKI PUBLICZNEJ W SULMIERZYCACH<\/strong><\/p>\n<p style=\"text-align: justify;\"><strong>I. Podstawy og\u00f3lne:<\/strong><\/p>\n<p style=\"text-align: justify;\">\u00a7 1. 1.Gminna Biblioteka Publiczna w Sulmierzycach zwana dalej \u201eBibliotek\u0105\u201d jest samorz\u0105dow\u0105 instytucj\u0105 kultury , wpisan\u0105 do rejestru instytucji kultury prowadzonego przez Gmin\u0119 Sulmierzyce,<br \/>\n2. Gminna Biblioteka w Sulmierzycach zwana dalej \u201eBibliotek\u0105\u201d dzia\u0142a na podstawie:<br \/>\n1) ustawy z dnia 27 czerwca 1997r. o bibliotekach \/ Dz. U. Nr 85 , poz. 539 z p\u00f3\u017an. zmianami\/,<br \/>\n2) ustawy z dnia 8 marca 1990r. o samorz\u0105dzie gminnym \/ Dz. U. z 2001 r. Nr 142, poz. 1591 z p\u00f3\u017an. zmianami\/,<br \/>\n3) ustawy z dnia 25 pa\u017adziernika 1991r. o organizowaniu i prowadzeniu dzia\u0142alno\u015bci kulturalnej \/ tekst jedn. Dz. U. z 2001r. Nr 13, poz. 123 z p\u00f3\u017an. zmianami\/,<br \/>\n4) niniejszego Statutu.<\/p>\n<p style=\"text-align: justify;\">\u00a7 2. Siedzib\u0105 Biblioteki jest miejscowo\u015bci Sulmierzyce, a terenem dzia\u0142alno\u015bci \u2013 gmina Sulmierzyce.<\/p>\n<p style=\"text-align: justify;\">\u00a7 3. Nadz\u00f3r organizacyjny nad bibliotek\u0105 sprawuje W\u00f3jt Gminy Sulmierzyce.<\/p>\n<p style=\"text-align: justify;\">\u00a7 4. Nadz\u00f3r merytoryczny na dzia\u0142alno\u015bci\u0105 Biblioteki pe\u0142ni Powiatowa Biblioteka Publiczna w Paj\u0119cznie oraz Wojew\u00f3dzka Biblioteka Publiczna w \u0141odzi.<\/p>\n<p style=\"text-align: justify;\">\u00a7 5. Gminna Biblioteka Publiczna u\u017cywa piecz\u0119ci z nazw\u0105 w pe\u0142nym brzmieniu i adresem siedziby.<\/p>\n<p style=\"text-align: justify;\"><strong>II. Cele i zadania biblioteki.<\/strong><\/p>\n<p style=\"text-align: justify;\">\u00a7 6. 1. Biblioteka s\u0142u\u017cy rozwijaniu i zaspakajaniu potrzeb czytelniczych spo\u0142ecze\u0144stwa, upowszechnianiu wiedzy i rozwojowi kultury.<br \/>\n2. Biblioteka realizuje swoje zadania organizuj\u0105c obs\u0142ug\u0119 biblioteczn\u0105 dla mieszka\u0144c\u00f3w gminy Sulmierzyce.<br \/>\n3. Biblioteka mo\u017ce prowadzi\u0107 dzia\u0142alno\u015b\u0107 dokumentacyjn\u0105 , badawcz\u0105 i wydawnicz\u0105.<\/p>\n<p style=\"text-align: justify;\">\u00a7 7. Do podstawowych zada\u0144 Biblioteki nale\u017cy:<br \/>\n1) gromadzenie i opracowywanie materia\u0142\u00f3w bibliotecznych s\u0142u\u017c\u0105cych rozwijaniu czytelnictwa oraz zaspakajaniu potrzeb informacyjnych i samokszta\u0142ceniowych oraz kulturalnych,<br \/>\n2) udost\u0119pnianie zbior\u00f3w na miejscu, wypo\u017cyczanie na zewn\u0105trz , prowadzenie wymiany mi\u0119dzybibliotecznej,<br \/>\n3) prowadzenie dzia\u0142alno\u015bci informatyczno-bibliograficznej oraz realizowanie r\u00f3\u017cnorodnych form popularyzacji ksi\u0105\u017cek i czytelnictwa np. organizowanie odczyt\u00f3w, spotka\u0144 autorskich, wystaw ksi\u0105\u017cek, konkurs\u00f3w itp.,<br \/>\n4) organizowanie czytelnictwa i udost\u0119pnianie materia\u0142\u00f3w bibliotecznych ludziom chorym, niepe\u0142nosprawnym,<br \/>\n5) tworzenie i udost\u0119pnianie w\u0142asnych komputerowych baz danych, katalogowych, bibliograficznych i faktograficznych,<br \/>\n6) prowadzenie kawiarenki internetowej,<br \/>\n7) wsp\u00f3\u0142dzia\u0142anie z bibliotekami na terenie kraju. Instytucjami i organizacjami w zakresie rozwijania czytelnictwa i zaspakajania potrzeb o\u015bwiatowych kulturalnych spo\u0142eczno\u015bci lokalnej,<br \/>\n8) organizowanie form pracy z czytelnikiem , s\u0142u\u017c\u0105cych popularyzowaniu sztuki, nauki oraz upowszechnianiu dorobku kulturalnego gminy.<\/p>\n<p style=\"text-align: justify;\">\u00a7 8. Biblioteka mo\u017ce podejmowa\u0107 inne zadania dla zaspokojenia potrzeb mieszka\u0144c\u00f3w gminy.<\/p>\n<p style=\"text-align: justify;\">\u00a7.9.1. Prac\u0105 Biblioteki kieruje Kierownik i reprezentuj\u0105 j\u0105 na zewn\u0105trz.<br \/>\n2. Kierownika powo\u0142uje i odwo\u0142uje W\u00f3jt Gminy, po zasi\u0119gni\u0119ciu opinii Powiatowej Biblioteki Publicznej.<br \/>\n3. Kierownik i pracownicy biblioteki powinni posiada\u0107 kwalifikacje odpowiednie do zajmowanych stanowisk i pe\u0142nionych funkcji, okre\u015blone w odr\u0119bnych przepisach.<\/p>\n<p style=\"text-align: justify;\">\u00a7 10.1. Gminna Biblioteka Publiczna jest jednostk\u0105 bud\u017cetow\u0105 finansowan\u0105 z bud\u017cetu gminy Sulmierzyce na podstawie planu finansowanego opracowanego przez Kierownika.<br \/>\n2. \u015arodki zawarte w planie finansowym powinny zabezpiecza\u0107 niezb\u0119dne potrzeby w zakresie podstawowego funkcjonowania Biblioteki oraz utrzymania obiektu.<br \/>\n3. Biblioteka na dzia\u0142alno\u015b\u0107 kulturaln\u0105 mo\u017ce przeznaczy\u0107 \u015brodki finansowe z darowizn otrzymanych od os\u00f3b fizycznych i prawnych z fundacji oraz z innych \u017ar\u00f3de\u0142.<\/p>\n<p style=\"text-align: justify;\">\u00a7 11. Biblioteka mo\u017ce w ramach obowi\u0105zuj\u0105cych przepis\u00f3w pobiera\u0107 op\u0142aty za us\u0142ugi i wydawnictwa , a wp\u0142ywy przeznacza\u0107 na cele statutowe.<\/p>\n<p style=\"text-align: justify;\">\u00a7 12. Organizacj\u0119 wewn\u0119trzn\u0105 Biblioteki oraz zasady i warunki korzystania z niej okre\u015bla regulamin organizacyjny nadany przez jej Kierownika.<\/p>\n<p style=\"text-align: justify;\">\u00a7 13.1. Biblioteka mo\u017ce prowadzi\u0107 ko\u0142a zainteresowa\u0144 s\u0142u\u017c\u0105ce zaspokajaniu potrzeb czytelniczych, kulturalnych oraz o\u015bwiatowych u\u017cytkownik\u00f3w.<br \/>\n2. Biblioteka mo\u017ce prowadzi\u0107 Gminn\u0105 Orkiestr\u0119 D\u0119t\u0105 Gminy Sulmierzyce.<br \/>\n3. Przy Bibliotece mog\u0105 dzia\u0142a\u0107 ko\u0142a przyjaci\u00f3\u0142 i mi\u0142o\u015bnik\u00f3w, stowarzyszenia i fundacje powo\u0142ane w oparciu o odr\u0119bne przepisy.<\/p>\n<p style=\"text-align: justify;\"><strong>\u00a0III. Postanowienia ko\u0144cowe.<\/strong><\/p>\n<p style=\"text-align: justify;\">\u00a7 14. Zmiany w Statucie mog\u0105 by\u0107 dokonywane w trybie okre\u015blonym dla jego nadania.<\/p>\n<p>&nbsp;<\/p>\n","protected":false},"excerpt":{"rendered":"<p>Gminna Biblioteka Publiczna w Sulmierzycach dzia\u0142a na podstawie Statutu uchwalonego Uchwa\u0142\u0105 Rady Gminy w Sulmierzycach Nr XXI\/110\/2005 z dnia 31&#8230; <a href=\"https:\/\/www.gbpsulmierzyce.pl\/?page_id=116\">Czytaj dalej &raquo;<\/a><\/p>\n","protected":false},"author":1,"featured_media":0,"parent":0,"menu_order":0,"comment_status":"closed","ping_status":"closed","template":"","meta":{"footnotes":""},"class_list":["post-116","page","type-page","status-publish","hentry"],"_links":{"self":[{"href":"https:\/\/www.gbpsulmierzyce.pl\/index.php?rest_route=\/wp\/v2\/pages\/116","targetHints":{"allow":["GET"]}}],"collection":[{"href":"https:\/\/www.gbpsulmierzyce.pl\/index.php?rest_route=\/wp\/v2\/pages"}],"about":[{"href":"https:\/\/www.gbpsulmierzyce.pl\/index.php?rest_route=\/wp\/v2\/types\/page"}],"author":[{"embeddable":true,"href":"https:\/\/www.gbpsulmierzyce.pl\/index.php?rest_route=\/wp\/v2\/users\/1"}],"replies":[{"embeddable":true,"href":"https:\/\/www.gbpsulmierzyce.pl\/index.php?rest_route=%2Fwp%2Fv2%2Fcomments&post=116"}],"version-history":[{"count":5,"href":"https:\/\/www.gbpsulmierzyce.pl\/index.php?rest_route=\/wp\/v2\/pages\/116\/revisions"}],"predecessor-version":[{"id":118,"href":"https:\/\/www.gbpsulmierzyce.pl\/index.php?rest_route=\/wp\/v2\/pages\/116\/revisions\/118"}],"wp:attachment":[{"href":"https:\/\/www.gbpsulmierzyce.pl\/index.php?rest_route=%2Fwp%2Fv2%2Fmedia&parent=116"}],"curies":[{"name":"wp","href":"https:\/\/api.w.org\/{rel}","templated":true}]}}