{"id":107,"date":"2012-11-16T08:46:14","date_gmt":"2012-11-16T07:46:14","guid":{"rendered":"http:\/\/www.biblioteka.sulmierzyce.eu\/?page_id=107"},"modified":"2012-11-16T09:08:55","modified_gmt":"2012-11-16T08:08:55","slug":"regulamin-wypozyczalni","status":"publish","type":"page","link":"https:\/\/www.gbpsulmierzyce.pl\/?page_id=107","title":{"rendered":"Regulamin wypo\u017cyczalni"},"content":{"rendered":"<p style=\"text-align: center;\"><strong>REGULAMIN WYPO\u017bYCZALNI<\/strong><br \/>\n<strong>GMINNEJ BIBLIOTEKI PUBLICZNEJ W SULMIERZYCACH<\/strong><\/p>\n<p style=\"text-align: justify;\"><strong>Warunki korzystania<\/strong><\/p>\n<p style=\"text-align: justify;\">\u00a7 1.<br \/>\n1. Z wypo\u017cyczalni mog\u0105 korzysta\u0107 wszyscy mieszka\u0144cy.<br \/>\n2. Korzystanie z wypo\u017cyczalni jest bezp\u0142atne.<br \/>\n3. Przy zapisie zg\u0142aszaj\u0105cy powinien:<br \/>\na) okaza\u0107 dow\u00f3d osobisty,<br \/>\nb) wype\u0142ni\u0107 kart\u0119 zapisu i zobowi\u0105za\u0107 si\u0119 podpisem do przestrzegania regulaminu.<br \/>\n4. Za niepe\u0142noletniego czytelnika odpowiadaj\u0105 i podpisuj\u0105 zobowi\u0105zanie rodzice lub opiekunowie prawni.<br \/>\n5. Czytelnik zobowi\u0105zany jest informowa\u0107 bibliotek\u0119 o zmianie miejsca zamieszkania, szko\u0142y.<br \/>\n6. Dane osobowe czytelnika s\u0105 chronione i przeznaczone dla cel\u00f3w statystycznych i badawczych biblioteki oraz ewentualnych roszcze\u0144 prawnych za niezwr\u00f3cone zbiory.<br \/>\n7. W wypo\u017cyczalni obowi\u0105zuje zakaz palenia tytoniu.<\/p>\n<p style=\"text-align: justify;\">\u00a7 2.<br \/>\n1. Wypo\u017cycza\u0107 mo\u017cna jednocze\u015bnie 4 ksi\u0105\u017cki (tytu\u0142y) na okres nie d\u0142u\u017cszy ni\u017c 30 dni.<br \/>\n2. Biblioteka mo\u017ce skr\u00f3ci\u0107 ustalony w \u00a7 2 pkt 1 termin zwrotu ksi\u0105\u017cek, je\u017celi stanowi\u0105 one szczeg\u00f3lnie poszukiwane pozycje.<br \/>\n3. Biblioteka mo\u017ce przesun\u0105\u0107 termin zwrotu wypo\u017cyczonej ksi\u0105\u017cki, je\u017celi nie ma na ni\u0105 zapotrzebowania ze strony innych czytelnik\u00f3w.<br \/>\n4. Na pro\u015bb\u0119 czytelnika biblioteka mo\u017ce rezerwowa\u0107 ksi\u0105\u017cki aktualnie wypo\u017cyczone przez innych czytelnik\u00f3w lub sprowadza\u0107 je w miar\u0119 mo\u017cliwo\u015bci z innych bibliotek.<br \/>\n5. Czytelnicy do lat 15 mog\u0105 wypo\u017cycza\u0107 ksi\u0105\u017cki dla czytelnik\u00f3w doros\u0142ych za zgod\u0105 rodzic\u00f3w lub opiekun\u00f3w prawnych.<br \/>\n6. Rejestracji zwracanych i wypo\u017cyczanych przez czytelnik\u00f3w ksi\u0105\u017cek dokonuje bibliotekarz.<\/p>\n<p style=\"text-align: justify;\"><strong>Porady, informacje<\/strong><\/p>\n<p style=\"text-align: justify;\">\u00a7 3.<br \/>\nBibliotekarz na pro\u015bb\u0119 czytelnika udziela informacji o ksi\u0105\u017ckach, pomaga w doborze literatury, korzystaniu z katalog\u00f3w, wydawnictw informacyjnych itp.<\/p>\n<p style=\"text-align: justify;\"><strong>Obowi\u0105zki czytelnika<\/strong><\/p>\n<p style=\"text-align: justify;\">\u00a7 4.<br \/>\n1. Czytelnik jest zobowi\u0105zany do poszanowania ksi\u0105\u017cek b\u0119d\u0105cych w\u0142asno\u015bci\u0105 spo\u0142eczn\u0105 i dobrem kultury narodowej, powinien te\u017c zwr\u00f3ci\u0107 uwag\u0119 na stan ksi\u0105\u017cki przed jej wypo\u017cyczeniem. Zauwa\u017cone uszkodzenia nale\u017cy zg\u0142osi\u0107 bibliotekarzowi.<br \/>\n2. Za szkody wynik\u0142e z zagubienia, uszkodzenia lub zniszczenia ksi\u0105\u017cki odpowiada czytelnik. Warto\u015b\u0107 odszkodowania ustala kierownik wypo\u017cyczalni, w zale\u017cno\u015bci od aktualnej warto\u015bci ksi\u0105\u017cki na rynku i stopnia jej uszkodzenia.<br \/>\n3. Za zgod\u0105 kierownika, czytelnik mo\u017ce zamiast zagubionej lub zniszczonej ksi\u0105\u017cki zwr\u00f3ci\u0107 identyczny egzemplarz lub inn\u0105 poszukiwan\u0105 przez bibliotek\u0119 ksi\u0105\u017ck\u0119.<\/p>\n<p style=\"text-align: justify;\">\u00a7 5.<br \/>\n1. Czytelnik, do kt\u00f3rego biblioteka wysy\u0142a\u0142a upomnienia w sprawie zwrotu ksi\u0105\u017cek, pokrywa ich koszty.<br \/>\n2. Je\u017celi czytelnik pomimo upomnie\u0144 wysy\u0142anych przez bibliotek\u0119, odmawia zwrotu lub uiszczenia nale\u017cnych op\u0142at, biblioteka dochodzi swych roszcze\u0144 zgodnie z przepisami prawa.<\/p>\n<p style=\"text-align: justify;\">\u00a7 6.<br \/>\nSkargi i wnioski czytelnicy mog\u0105 zg\u0142asza\u0107 do Kierownika Biblioteki.<\/p>\n<p style=\"text-align: justify;\">\u00a7 7.<br \/>\nCzytelnik nie stosuj\u0105cy si\u0119 do przepis\u00f3w niniejszego regulaminu, mo\u017ce by\u0107 czasowo, a w szczeg\u00f3lnie drastycznych przypadkach na sta\u0142e, pozbawiony prawa korzystania z wypo\u017cyczalni. Decyzj\u0119 w tej sprawie podejmuje Kierownik Biblioteki.<\/p>\n<p>&nbsp;<\/p>\n<p>&nbsp;<\/p>\n","protected":false},"excerpt":{"rendered":"<p>REGULAMIN WYPO\u017bYCZALNI GMINNEJ BIBLIOTEKI PUBLICZNEJ W SULMIERZYCACH Warunki korzystania \u00a7 1. 1. Z wypo\u017cyczalni mog\u0105 korzysta\u0107 wszyscy mieszka\u0144cy. 2. Korzystanie&#8230; <a href=\"https:\/\/www.gbpsulmierzyce.pl\/?page_id=107\">Czytaj dalej &raquo;<\/a><\/p>\n","protected":false},"author":1,"featured_media":0,"parent":116,"menu_order":0,"comment_status":"closed","ping_status":"closed","template":"","meta":{"footnotes":""},"class_list":["post-107","page","type-page","status-publish","hentry"],"_links":{"self":[{"href":"https:\/\/www.gbpsulmierzyce.pl\/index.php?rest_route=\/wp\/v2\/pages\/107","targetHints":{"allow":["GET"]}}],"collection":[{"href":"https:\/\/www.gbpsulmierzyce.pl\/index.php?rest_route=\/wp\/v2\/pages"}],"about":[{"href":"https:\/\/www.gbpsulmierzyce.pl\/index.php?rest_route=\/wp\/v2\/types\/page"}],"author":[{"embeddable":true,"href":"https:\/\/www.gbpsulmierzyce.pl\/index.php?rest_route=\/wp\/v2\/users\/1"}],"replies":[{"embeddable":true,"href":"https:\/\/www.gbpsulmierzyce.pl\/index.php?rest_route=%2Fwp%2Fv2%2Fcomments&post=107"}],"version-history":[{"count":5,"href":"https:\/\/www.gbpsulmierzyce.pl\/index.php?rest_route=\/wp\/v2\/pages\/107\/revisions"}],"predecessor-version":[{"id":122,"href":"https:\/\/www.gbpsulmierzyce.pl\/index.php?rest_route=\/wp\/v2\/pages\/107\/revisions\/122"}],"up":[{"embeddable":true,"href":"https:\/\/www.gbpsulmierzyce.pl\/index.php?rest_route=\/wp\/v2\/pages\/116"}],"wp:attachment":[{"href":"https:\/\/www.gbpsulmierzyce.pl\/index.php?rest_route=%2Fwp%2Fv2%2Fmedia&parent=107"}],"curies":[{"name":"wp","href":"https:\/\/api.w.org\/{rel}","templated":true}]}}